{"id":60,"date":"2019-05-16T12:14:47","date_gmt":"2019-05-16T12:14:47","guid":{"rendered":"http:\/\/bunte-bilder-shop.de\/?page_id=60"},"modified":"2025-12-11T08:18:02","modified_gmt":"2025-12-11T08:18:02","slug":"referenzen","status":"publish","type":"page","link":"https:\/\/bunte-bilder-shop.de\/?page_id=60","title":{"rendered":"\u00dcber mich"},"content":{"rendered":"\n<div class=\"wp-block-columns is-layout-flex wp-container-core-columns-is-layout-1 wp-block-columns-is-layout-flex\">\n<div class=\"wp-block-column is-layout-flow wp-block-column-is-layout-flow\">\n<p>Ich arbeite als freie Illustratorin und Grafikerin in D\u00fcsseldorf. <br>An der FH M\u00fcnster habe ich visuelle Kommunikation studiert, Schwerpunkt Illustration <br>(Abschluss Diplom FH). <br>Verschiedene Firmen und Verlage geh\u00f6ren seitdem zu meinen Kunden, eine kleine Auswahl an Arbeitsproben siehst Du hier.<\/p>\n<\/div>\n<\/div>\n\n\n\n<div class=\"wp-block-group is-nowrap is-layout-flex wp-container-core-group-is-layout-1 wp-block-group-is-layout-flex\">\n<div class=\"wp-block-columns are-vertically-aligned-top has-2-columns is-layout-flex wp-container-core-columns-is-layout-2 wp-block-columns-is-layout-flex\">\n<div class=\"wp-block-column is-vertically-aligned-top is-layout-flow wp-block-column-is-layout-flow\">\n<figure class=\"wp-block-image size-large\"><img loading=\"lazy\" decoding=\"async\" width=\"1024\" height=\"683\" src=\"https:\/\/bunte-bilder-shop.de\/wp-content\/uploads\/DX50160a-1-1024x683.jpg\" alt=\"\" class=\"wp-image-5982\" srcset=\"https:\/\/bunte-bilder-shop.de\/wp-content\/uploads\/DX50160a-1-1024x683.jpg 1024w, https:\/\/bunte-bilder-shop.de\/wp-content\/uploads\/DX50160a-1-300x200.jpg 300w, https:\/\/bunte-bilder-shop.de\/wp-content\/uploads\/DX50160a-1-768x512.jpg 768w, https:\/\/bunte-bilder-shop.de\/wp-content\/uploads\/DX50160a-1-1536x1024.jpg 1536w, https:\/\/bunte-bilder-shop.de\/wp-content\/uploads\/DX50160a-1.jpg 1941w\" sizes=\"auto, (max-width: 1024px) 100vw, 1024px\" \/><figcaption class=\"wp-element-caption\">\u00a9 <a href=\"https:\/\/www.robertpoorten.de\">www.robertpoorten.de<\/a><\/figcaption><\/figure>\n<\/div>\n<\/div>\n<\/div>\n\n\n\n<p>\u00dcberall, wo Du mit Bildern kommunizierst, werten sorgf\u00e4ltig durchdachte Illustrationen Deine Projekte auf. Gute Illustrationen unterst\u00fctzen Dich dabei, Inhalte attraktiv zu \u00fcbermitteln.<\/p>\n\n\n\n<p>\u2022 Wimmelbilder<br>\u2022\u00a0Illustrationen f\u00fcr Kinder<br>\u2022 Infografiken, die komplexe Sachverhalte darstellen<br>\u2022 Illustrationen f\u00fcr Sachb\u00fccher, Lernmaterialien, Brosch\u00fcren<br><br><\/p>\n\n\n\n<p><strong><em>St\u00f6bere gerne in meinen Bildern oder frage nach einer Probe-Illustration. <\/em><\/strong><br><strong><em>Ich freue mich auf Deine <\/em><a href=\"https:\/\/bunte-bilder-shop.de\/?page_id=42\" target=\"_blank\" rel=\"noreferrer noopener\"><em>Kontaktaufnahme<\/em><\/a><em>.<\/em><\/strong><\/p>\n\n\n\n<p><\/p>\n","protected":false},"excerpt":{"rendered":"<p>Ich arbeite als freie Illustratorin und Grafikerin in D\u00fcsseldorf. An der FH M\u00fcnster habe ich visuelle Kommunikation studiert, Schwerpunkt Illustration (Abschluss Diplom FH). Verschiedene Firmen und Verlage geh\u00f6ren seitdem zu meinen Kunden, eine kleine Auswahl an Arbeitsproben siehst Du hier. \u00dcberall, wo Du mit Bildern kommunizierst, werten sorgf\u00e4ltig durchdachte Illustrationen Deine Projekte auf. Gute Illustrationen [&hellip;]<\/p>\n","protected":false},"author":1,"featured_media":0,"parent":0,"menu_order":0,"comment_status":"closed","ping_status":"closed","template":"","meta":{"footnotes":""},"class_list":["post-60","page","type-page","status-publish","hentry"],"_links":{"self":[{"href":"https:\/\/bunte-bilder-shop.de\/index.php?rest_route=\/wp\/v2\/pages\/60","targetHints":{"allow":["GET"]}}],"collection":[{"href":"https:\/\/bunte-bilder-shop.de\/index.php?rest_route=\/wp\/v2\/pages"}],"about":[{"href":"https:\/\/bunte-bilder-shop.de\/index.php?rest_route=\/wp\/v2\/types\/page"}],"author":[{"embeddable":true,"href":"https:\/\/bunte-bilder-shop.de\/index.php?rest_route=\/wp\/v2\/users\/1"}],"replies":[{"embeddable":true,"href":"https:\/\/bunte-bilder-shop.de\/index.php?rest_route=%2Fwp%2Fv2%2Fcomments&post=60"}],"version-history":[{"count":71,"href":"https:\/\/bunte-bilder-shop.de\/index.php?rest_route=\/wp\/v2\/pages\/60\/revisions"}],"predecessor-version":[{"id":6481,"href":"https:\/\/bunte-bilder-shop.de\/index.php?rest_route=\/wp\/v2\/pages\/60\/revisions\/6481"}],"wp:attachment":[{"href":"https:\/\/bunte-bilder-shop.de\/index.php?rest_route=%2Fwp%2Fv2%2Fmedia&parent=60"}],"curies":[{"name":"wp","href":"https:\/\/api.w.org\/{rel}","templated":true}]}}